 = x**2 + 4*x + 1. Let k be u(-5). Suppose 3*f + k = 36. Suppose 4*m + l = -3*l + 12, -l = -2*m + 3. What is the highest common divisor of f and m?
2
Suppose 45 = -2*i + 3*i. Suppose 2*v = 10 + 2. Suppose 7 = c - r, -5*c = -3*r - 25 - v. What is the greatest common factor of i and c?
5
Let a(b) = 57*b + 7. Let r be a(9). Suppose 4*p - r = y + 3*y, 3*y = -5*p + 610. What is the greatest common factor of 25 and p?
25
Suppose 0*m + m + 3*c = 30, 106 = 4*m - 2*c. Calculate the greatest common factor of m and 3.
3
Suppose 0 = -6*k + 4*k + 12. Calculate the highest common divisor of k and 15.
3
Suppose -3*y = 4*m - 472 + 32, 4*y - 2*m = 572. Calculate the greatest common factor of 18 and y.
18
Let t be (2 + -44)*(-26)/39. Suppose -5*h + 140 = -4*h. Calculate the highest common divisor of t and h.
28
Let n(w) = 2*w**2 + 2*w - 4*w**2 - 12*w + w**2 + 16. Let z be n(-11). Calculate the highest common factor of z and 25.
5
Let c = 15 + -14. What is the greatest common divisor of c and 8?
1
Let m = 9 + -15. Let k(s) be the first derivative of s**2/2 + 8*s - 2. Let j be k(m). Calculate the highest common factor of 18 and j.
2
Suppose -4*f = f - 950. Calculate the highest common factor of 76 and f.
38
Let g(y) = y**2 - y + 3. Let z be g(0). Suppose 5*p - 50 = 2*b - z*b, -3*b + 2*p + 150 = 0. What is the highest common divisor of b and 10?
10
Let v be (36/45)/(4/10). Suppose v*j + 63 = 5*j. What is the greatest common divisor of 14 and j?
7
Suppose 2 = -2*k - 0. Let a be 63 + -1 + (k - -2). Suppose -5*v = -4*v - 9. Calculate the highest common factor of v and a.
9
Let v = 263 + -119. What is the greatest common divisor of 24 and v?
24
Let p = -85 - -94. What is the greatest common divisor of 99 and p?
9
Let y(v) = 3*v**2 + 3. Let h be y(3). Let x be (-66)/(-10) - 18/h. Let u be 2/x - (-160)/6. Calculate the greatest common divisor of u and 18.
9
Let k be 1 + (-3 - (-4 - 0)). What is the highest common divisor of 8 and k?
2
Let t = 1 + -2. Let d = t + 4. Calculate the greatest common factor of 12 and d.
3
Suppose 0*b = -2*b + 52. What is the greatest common factor of b and 104?
26
Let k be (-3)/(-7) - 33/(-21). Suppose 2*v + 57 = 3*c, k*c + 0*v + 2*v = 48. Calculate the greatest common divisor of c and 3.
3
Suppose 5*s - 183 = -58. What is the highest common divisor of s and 5?
5
Suppose -2*d - 31 = -4*b - 1, 3*b - 4*d - 15 = 0. Let o be 4 - (0 - -46)*(-3)/6. What is the highest common factor of o and b?
9
Let z(g) = 1 + 2 - 5*g - 5. Let u be ((-1)/(-2))/((-5)/30). Let t be z(u). What is the highest common divisor of 65 and t?
13
Suppose -x + 0*x + 3 = 0. Let a be -1 - (-6 + 3/x). Let m be 14/a + (-9)/6. Calculate the greatest common factor of m and 16.
2
Let p = -9 - -54. Let v(q) = q + 18. Let s be v(0). What is the greatest common divisor of p and s?
9
Suppose -4 = -4*k + 8. Suppose 11 = -k*f + 26. Let l = 74 - 19. What is the highest common divisor of f and l?
5
Suppose -20 = -z - 3*j + j, -4 = -j. Calculate the greatest common factor of 36 and z.
12
Let j be -1*(-4 + (2 - 3)) - -2. Calculate the greatest common factor of 14 and j.
7
Suppose -2*u = 4*c - 60, -c + 5*c + 5*u - 54 = 0. Let v = 32 - c. What is the highest common factor of 48 and v?
16
Let y(i) = 28*i**3 + 3*i**2 - 2. Let f be y(1). Calculate the greatest common divisor of f and 145.
29
Let c be (-1 - 20) + 7/(-7). Let i = c + 40. Calculate the highest common factor of i and 198.
18
Let l be (-15)/(-20)*16/2. Suppose -f = -0*f - l. Suppose -5*r = j + 2 - 4, 4*r = j - 20. Calculate the greatest common factor of f and j.
6
Suppose 3*l - 6*v + 2*v - 64 = 0, 66 = 3*l - 3*v. Let s(a) = -2*a + 2. Let d be s(-5). Calculate the highest common factor of d and l.
12
Let z(y) = 4 - y + 0*y - y. Let o(a) = -2*a + 4. Let f(k) = -5*o(k) + 4*z(k). Let l be f(5). Calculate the greatest common factor of 15 and l.
3
Let y = -2 - -16. Let q = 96 + 30. Calculate the greatest common divisor of y and q.
14
Let f(x) = 4*x - 12. Let l be f(8). Let j = -7 + l. Let a be (-2)/(-3) + 154/3. What is the greatest common divisor of j and a?
13
Let m(x) = -x**2 + 5050. Let y be m(0). Suppose d = 6*d - y. Suppose -t + d = 4*f, -2*t - 28 = -f + 229. What is the highest common factor of 23 and f?
23
Let t be (-2)/(-8) + 102/8. Calculate the highest common divisor of 91 and t.
13
Suppose 5*b - 42 = -17. Calculate the greatest common factor of 25 and b.
5
Let v(g) = 13*g**2 + 2. Let f be v(2). Let w be (-2)/9 - (-120)/54. Let n(p) = 9*p. Let d be n(w). Calculate the greatest common divisor of d and f.
18
Let j(u) = u - 9. Let i be j(6). Let f be (15/10)/(i/(-30)). What is the highest common factor of 3 and f?
3
Let t = -16 + 28. What is the greatest common factor of t and 36?
12
Let x(t) = -58*t + 2. Let p be x(-1). Calculate the greatest common factor of 12 and p.
12
Suppose 4*n = 11*n - 77. What is the greatest common factor of n and 121?
11
Let p(d) = d**2 - 5*d - 5. Suppose 5*w - w - 29 = -c, -5*c = -5. Let x be p(w). Suppose -14 = -3*n + 13. Calculate the highest common divisor of x and n.
9
Suppose -3*z - 3 = -3*l, 1 = 2*z - 1. Calculate the greatest common factor of 18 and l.
2
Let j = 55 + -53. What is the greatest common divisor of j and 10?
2
Let l = -67 + 103. What is the greatest common divisor of l and 4?
4
Let v be (-150)/(-5)*2/(-4). Let b = v + 25. What is the highest common factor of b and 90?
10
Let r be (1 + 16)/(8 + -7). What is the greatest common factor of r and 85?
17
Let u(g) be the second derivative of -g**4/12 + 5*g**3/6 - g**2 - 3*g. Let j be u(2). What is the highest common divisor of 12 and j?
4
Let r be 160/15*-1*(-4 + 1). What is the highest common divisor of 4 and r?
4
Suppose -k = 2*k - 12. Let f(b) = 6*b - 2. Let t be f(k). Suppose d = -5*a + 55, 3*d - 72 = 5*a + 93. What is the highest common factor of d and t?
11
Let y = 30 + -43. Let o = 1 - y. Calculate the highest common factor of o and 56.
14
Let j(s) = 3*s**2 + 5*s + 6. Suppose 0 = 3*n - 5*n - 10. Let b be j(n). Calculate the highest common divisor of b and 7.
7
Let p be (5 + -4)/(-2)*-24. Calculate the greatest common divisor of 48 and p.
12
Let g be -27*-5*(-2)/2. Suppose 0 = o + 4*o - 5*l + 1255, 5*o + 5*l + 1305 = 0. Let s = g - o. Calculate the highest common divisor of s and 11.
11
Let v(s) = 3*s - 24. Let m be v(16). Calculate the greatest common factor of m and 3.
3
Let d = -8 - -16. Let v be d/(-10)*(-12 + -3). Suppose 0 = -2*t + v + 8. What is the greatest common factor of 15 and t?
5
Suppose -5*f - 158 = -3*u, 0 = 5*f - 0*u + 3*u + 152. Let j = -19 - f. Calculate the highest common divisor of 30 and j.
6
Let c(o) = -13*o - 1. Let u be c(-2). What is the highest common factor of 10 and u?
5
Suppose 53 - 3 = 10*y. Calculate the greatest common factor of y and 2.
1
Suppose 0 = 5*n - 3*s - 15, -5*n + 2*s = -10 - 5. Suppose 320*p - 318*p - 42 = 0. What is the highest common factor of n and p?
3
Let c = -181 - -271. Calculate the greatest common factor of c and 18.
18
Suppose -2*n + 66 = 4*j, -2*n + 0*n = j - 21. Let b be (3/5)/(1/j). Let v be (-6)/(1/((-27)/2)). Calculate the highest common factor of v and b.
9
Let s be (-1 - -3) + -2 - -52. What is the greatest common divisor of s and 39?
13
Suppose -3*m = -2*g - 44, -3*m + 16 = 3*g + 2*g. What is the greatest common factor of m and 108?
12
Suppose -2*z - 5*s = -z + 7, -4*z = 2*s - 44. Let g be (91*-1)/(-1 + 0). What is the greatest common divisor of z and g?
13
Suppose 3*w = w + 8. Suppose 0 = 4*v - 2*z - 40, 4*z = 3*v - 7*v + 40. Suppose 0 = u + w*u - v. What is the highest common factor of 14 and u?
2
Suppose -s - 2*s + 54 = 0. Suppose -5*r = r - 60. Let q = 12 - r. What is the highest common factor of s and q?
2
Let c(n) = -56*n**3 + n**2 - n - 1. Let f be c(-1). Suppose 3*x + f - 165 = 0. Let b = 69 - x. Calculate the highest common factor of b and 22.
11
Let x be (6 + -10)*(-9)/4. Suppose -5*o = -2*o - 27. What is the greatest common factor of x and o?
9
Let h(r) = -r**3 - 3*r**2 - 3*r - 4. Let s(f) = f**3 - 6*f**2 - 3. Let o be s(6). Let x be h(o). What is the highest common factor of 45 and x?
5
Let y(l) be the second derivative of -l**5/20 + 5*l**4/12 - 2*l**3/3 + 5*l**2/2 + 3*l. Let w be y(4). What is the highest common factor of 1 and w?
1
Let b(z) = 100*z**3 - 4*z +